*(5 - (2 + 2)). Let j(q) = -12*q**3 + 4*q**2 + 2*q - 2. What is the tens digit of j(h)?
0
Suppose r = -3*q + 9, -2*q = 3*q - 2*r - 4. What is the units digit of 4/q*(-230)/(-20)?
3
Suppose -w + 13 = s, -42 = -0*w - 4*w - 2*s. Suppose -4*j - w = 0, b + 5*j - 61 = j. What is the units digit of b?
9
Suppose 0*f = -2*f + 10. Suppose 4*u = f*v - 3*v - 106, 207 = 4*v - 3*u. Suppose 3*q = -3*o + 7*o - 91, -4*o + v = 5*q. What is the units digit of o?
9
Let m = 15 - 12. Suppose -m*q - 132 = -7*q. Let g = q - 7. What is the units digit of g?
6
Suppose 2*b + 402 = 4*b. What is the tens digit of b?
0
Let i = -113 - -510. What is the units digit of i?
7
Let x = -757 + 1483. What is the hundreds digit of x?
7
Suppose -6*d + 1020 = -d. Suppose 3*a + d = 7*a. What is the units digit of a?
1
Suppose 2*j + 2*j + 4*u = 668, -322 = -2*j - 5*u. Let d = 292 - j. What is the tens digit of d?
2
Let m = 2622 - 2231. What is the units digit of m?
1
Suppose -2*v + 12 = -4. Suppose -v*d = -12*d + 4. What is the units digit of d?
1
Suppose 914 = 5*a - 3*u, a + 5 = -5*u + 171. What is the tens digit of a?
8
Let c(l) = 3*l - 1. Suppose -5*m = -0*m - 30. Let b be c(m). Let r = 48 - b. What is the units digit of r?
1
Let n = 1842 + 612. What is the tens digit of n?
5
Suppose 4*i + 77 = 5*t, -5*t + 59 = -2*t + 4*i. Suppose -t*m + 20*m - 363 = 0. What is the hundreds digit of m?
1
What is the tens digit of 210/735 - 33178*1/(-7)?
4
Suppose j = 18*j - 8517. What is the units digit of j?
1
Suppose 2*g - 4*k - 24 = 0, 3*g - 15 = -2*g + k. Suppose t - 782 = 5*i - 152, g*i + 5*t = -252. Let s = i - -188. What is the tens digit of s?
6
Suppose -9*g = -5*v - 6*g + 3720, -2*v - 5*g = -1457. What is the hundreds digit of v?
7
Suppose 3*o - 2*f - 105 = 105, 148 = 2*o - 4*f. What is the units digit of (-1 + 36/8)*o?
8
Suppose -4*b - 18 + 6 = 0, -2*h + 5*b = -239. What is the units digit of h/(-21)*(-6)/4?
8
Let k(m) = 349*m**3 - 2*m + 2. What is the tens digit of k(1)?
4
Suppose 0 = -8*l + 374 + 338. Suppose 3*n + 5*d - l - 24 = 0, 25 = -5*d. What is the tens digit of n?
4
Let x = 110 - -63. Let v = x + -58. What is the units digit of v?
5
Let p(c) = 146*c - 83. What is the tens digit of p(7)?
3
Suppose -b = b - 2*l + 8, 2*b + 22 = -5*l. Let c(m) = -m**3 - 4*m**2 + 4*m - 12. Let v be c(b). What is the tens digit of (-169)/(-6) + (-6)/v?
2
Let d(k) = -5*k + 32. Let y be d(6). Suppose 2*z - 40 = -y*n, -2*z = -z + 2*n - 18. What is the units digit of z?
2
Let m(t) = 8*t**2 + 5*t - 12. Let v be m(-5). Suppose 5*p + 5*z = 410, -p + v = p + z. What is the units digit of p?
1
Let z(m) = 2*m**3 + 3*m**2 + 14*m + 34. What is the tens digit of z(11)?
1
Let u = 256 - 181. Suppose -5*o - s + 67 = 0, 6*s = -5*o + s + u. Let z = o - 12. What is the units digit of z?
1
Let h = -648 - -1138. Suppose -9*n + 4*n + h = 0. What is the tens digit of n?
9
Suppose 2*y + 60 = 8*y. Suppose -423 = c - y*c. What is the units digit of c?
7
Let y be 8/2 - (0 + -3). Suppose 2*g = -1 - y. What is the tens digit of -1*68/g + 3?
2
Let v = -19 - -19. Let j(q) = 4*q**2 + 2 - 1 - 3 + v - 4*q. What is the units digit of j(-3)?
6
Let h be (7 + 1)/((-4)/(-6)). Let s(x) = x**2 - 6*x - 14. Let f be s(-2). Suppose f*m - 54 - h = 0. What is the tens digit of m?
3
Suppose 71*r + 18910 = 65770. What is the tens digit of r?
6
Suppose 43*d - 48*d = -1920. What is the tens digit of d?
8
Let t = 7391 + -3332. What is the thousands digit of t?
4
Let o(d) = d**3 + 4*d**2. Let y be o(-4). Let l(b) = b**2 + b + 6. Let w be l(-3). Suppose y*n = -2*n + w. What is the units digit of n?
6
Let g = -42 - -104. Let n = -52 - -9. Let v = g + n. What is the units digit of v?
9
Let r(w) = -2*w**2 - 9*w - 8. Let l be r(-6). Let v be 6/(-4) + 13/l. What is the units digit of 16 + (1 - v) + -3?
6
Suppose 8*m = 939 + 117. Suppose -13*c + 10*c + m = 0. What is the units digit of c?
4
Let p = 55 + -36. Suppose -p = 4*t - 3. What is the units digit of (t/6)/((-1)/15)?
0
Let w(b) = -b**3 + b**2 + 4*b + 3103. What is the thousands digit of w(0)?
3
Suppose 0 = -4*z - 551 + 1915. What is the hundreds digit of z?
3
Suppose -4*v + 9464 = l, 8*v - 4732 = 6*v - 2*l. What is the hundreds digit of v?
3
Suppose -3 + 23 = 5*u. Suppose -u*k = -k + 5*t - 16, k = -3*t + 4. Let s = k + -1. What is the units digit of s?
6
Let k be (-115)/30 + 4 + (-2314)/(-12). Let j = k + -149. What is the units digit of j?
4
Let l be (4 + 14/(-6))*117. Let m = 282 - l. What is the tens digit of m?
8
Suppose 899 = -14*o + 8347. What is the hundreds digit of o?
5
Let t be 10/8*-2*(-12)/15. Suppose 8*z = -t*z + 1560. What is the hundreds digit of z?
1
Suppose -5*a + 0*a = 3*o - 1325, -o + 455 = -5*a. What is the units digit of o?
5
Let v = -69 + 67. What is the tens digit of (1*v)/((-20)/2290)?
2
Let d(k) = -k**3 - 21*k**2 + 2*k + 56. What is the hundreds digit of d(-26)?
3
What is the units digit of 28/(-21) + 1 + 1459/3?
6
Let d be (-6)/36 - 1058/(-12). Let y = -42 + d. Let k = -30 + y. What is the tens digit of k?
1
Let t(g) = g**2 + 5*g + 5. Let x be 4/42*3*7. Let l = -2 - x. What is the units digit of t(l)?
1
Let o(x) = 2*x**2 - 16*x + 12. Let u be o(8). Let h = u + -36. Let i = h + 85. What is the tens digit of i?
6
Let x = -46 - -49. Suppose 3*v - 53 = -3*q + 79, 2*q - 131 = -x*v. What is the units digit of v?
3
What is the hundreds digit of 3*(-91)/(-126)*-8*-222?
8
Let y = -609 + 1376. Suppose -5*p + y = -293. What is the hundreds digit of p?
2
Suppose -2*o = 26*r - 23*r - 4111, 5*r - o - 6830 = 0. What is the thousands digit of r?
1
Let c = -4285 + 7865. What is the thousands digit of c?
3
Suppose 2*b = 6*m - 5*m - 14, 5*b = -25. Suppose 2*i - 690 = -m*j, -j = 2*j - 2*i - 521. What is the hundreds digit of j?
1
Suppose 15*r - 45 = 12*r. Suppose r*i = 12*i + 591. What is the hundreds digit of i?
1
Let j(c) = c + 18. Let o be j(-16). Let n(b) = 61*b + 2. What is the hundreds digit of n(o)?
1
Suppose 0 = -4*l - 3*c - c + 2756, -2059 = -3*l - c. What is the tens digit of l?
8
Suppose 0 = 2*t - 3*w - 7 - 69, 4*t + 3*w - 116 = 0. Suppose -2*u = 2*u - t. What is the units digit of u?
8
Suppose -2*a + 5*a = 0. Let i(k) = k**3 - k**2 + 52. Let c be i(a). Suppose c = 2*w - 4. What is the units digit of w?
8
Let y(r) = 7*r**3 - r**2 + 9*r + 169. Let q(v) = -v**3 - v. Let w(m) = 6*q(m) + y(m). What is the units digit of w(0)?
9
Let u be 45/18*8/(-5). Let o be -5*(0 - u/(-10)). Suppose 2*m - z = 117, z - 3*z - o = 0. What is the units digit of m?
8
Suppose 66 = -6*l + 4*l. Let i = l + 132. Suppose i = 5*p - 46. What is the tens digit of p?
2
Suppose -l = -y + 2*y - 1835, 0 = 5*l + 3*y - 9171. What is the thousands digit of l?
1
What is the tens digit of (136/(-10))/((-2)/3300*10)?
4
Suppose 4*a - 5108 = -4*q + 5880, 0 = 3*q - 5*a - 8249. What is the units digit of q?
8
Suppose 346 = -2*m + 124. Let b = 175 + m. What is the tens digit of b?
6
What is the units digit of (665/10 + 4)/(1/8)?
4
Let q = 494 - 135. Let k = q - 145. Suppose 0 = -4*l + 2*r + k, 4*l - 53 = -3*r + 166. What is the units digit of l?
4
What is the units digit of (192/(-72))/((-4)/546)?
4
Let p = -22 - -28. Let w be p - (-1 + -3)/(-1). Suppose 10 = -w*d + 3*d. What is the tens digit of d?
1
Let l(v) = 4*v**3 + 5*v + 4. Let f be l(-1). What is the tens digit of (-9)/54 - ((-10545)/(-18))/f?
1
Let z(g) = -g**3 + 9*g**2 + 1. Let x be z(9). Suppose -2*v = 3 - x. What is the tens digit of 0 + (3 - 17/v)?
2
Let m(x) = 4*x**2 + 26*x + 141. What is the hundreds digit of m(-12)?
4
Suppose 0 = k + 3*g - 9, -5*k - 2*g = -0*g - 6. Suppose -15*n + 9*n + 408 = k. What is the tens digit of n?
6
Suppose 0 = c + 3*h - 115, -2*c + 6*h = 7*h - 220. What is the tens digit of c?
0
Let q = -9 + 13. Suppose -4 = 3*h - 13. Suppose -3*y + q = d, -5*d = -d + h*y - 52. What is the units digit of d?
6
Let v(n) = n + 1. Let s be v(1). Let t(q) = 18*q**2 + 7*q - 6. What is the tens digit of t(s)?
8
Suppose 47 = c - 62. Let p = c + -39. What is the tens digit of p?
7
Let w(v) = -34*v + 10. Let l be w(-5). Suppose l = i - 4*i. Let c = i - -92. What is the units digit of c?
2
Suppose 7*o - 400 = 272. What is the tens digit of o?
9
Suppose 29*x - 30*x - 4*j + 362 = 0, -1834 = -5*x + 4*j. What is the hundreds digit of x?
3
Let g be (-99 - -3)/((-9)/12).